{"id":2491,"date":"2022-08-03T15:29:28","date_gmt":"2022-08-03T13:29:28","guid":{"rendered":"http:\/\/fullservicemarkenschutz.de\/wordpress\/?page_id=2491"},"modified":"2022-08-03T15:29:28","modified_gmt":"2022-08-03T13:29:28","slug":"bestellung","status":"publish","type":"page","link":"http:\/\/markenflat.de\/wordpress\/bestellung\/","title":{"rendered":"Bestellung"},"content":{"rendered":"\n<div class=\"wp-block-contact-form-7-contact-form-selector\">\n<div class=\"wpcf7 no-js\" id=\"wpcf7-f841-o1\" lang=\"de-DE\" dir=\"ltr\" data-wpcf7-id=\"841\">\n<div class=\"screen-reader-response\"><p role=\"status\" aria-live=\"polite\" aria-atomic=\"true\"><\/p> <ul><\/ul><\/div>\n<form action=\"\/wordpress\/wp-json\/wp\/v2\/pages\/2491#wpcf7-f841-o1\" method=\"post\" class=\"wpcf7-form init\" aria-label=\"Kontaktformular\" enctype=\"multipart\/form-data\" novalidate=\"novalidate\" data-status=\"init\">\n<fieldset class=\"hidden-fields-container\"><input type=\"hidden\" name=\"_wpcf7\" value=\"841\" \/><input type=\"hidden\" name=\"_wpcf7_version\" value=\"6.1.5\" \/><input type=\"hidden\" name=\"_wpcf7_locale\" value=\"de_DE\" \/><input type=\"hidden\" name=\"_wpcf7_unit_tag\" value=\"wpcf7-f841-o1\" \/><input type=\"hidden\" name=\"_wpcf7_container_post\" value=\"0\" \/><input type=\"hidden\" name=\"_wpcf7_posted_data_hash\" value=\"\" \/>\n<\/fieldset>\n<hr \/>\n<h3>1. Ihre Kontaktdaten\n<\/h3>\n<p><span class=\"wpcf7-form-control-wrap\" data-name=\"anrede\"><span class=\"wpcf7-form-control wpcf7-checkbox wpcf7-exclusive-checkbox\"><span class=\"wpcf7-list-item first\"><label><input type=\"checkbox\" name=\"anrede\" value=\"Frau\" \/><span class=\"wpcf7-list-item-label\">Frau<\/span><\/label><\/span><span class=\"wpcf7-list-item last\"><label><input type=\"checkbox\" name=\"anrede\" value=\"Herr\" \/><span class=\"wpcf7-list-item-label\">Herr<\/span><\/label><\/span><\/span><\/span>\n<\/p>\n<p><label> Name \/ Ansprechpartner<br \/>\n<span class=\"wpcf7-form-control-wrap\" data-name=\"your-name\"><input size=\"40\" maxlength=\"400\" class=\"wpcf7-form-control wpcf7-text\" aria-invalid=\"false\" value=\"\" type=\"text\" name=\"your-name\" \/><\/span> <\/label>\n<\/p>\n<p><label> Firma<br \/>\n<span class=\"wpcf7-form-control-wrap\" data-name=\"your-firma\"><input size=\"40\" maxlength=\"400\" class=\"wpcf7-form-control wpcf7-text\" aria-invalid=\"false\" value=\"\" type=\"text\" name=\"your-firma\" \/><\/span> <\/label>\n<\/p>\n<p><label> Strasse \/ Hausnummer<br \/>\n<span class=\"wpcf7-form-control-wrap\" data-name=\"your-strasse\"><input size=\"40\" maxlength=\"400\" class=\"wpcf7-form-control wpcf7-text\" aria-invalid=\"false\" value=\"\" type=\"text\" name=\"your-strasse\" \/><\/span> <\/label>\n<\/p>\n<p><label> PLZ \/ Ort<br \/>\n<span class=\"wpcf7-form-control-wrap\" data-name=\"your-ort\"><input size=\"40\" maxlength=\"400\" class=\"wpcf7-form-control wpcf7-text\" aria-invalid=\"false\" value=\"\" type=\"text\" name=\"your-ort\" \/><\/span> <\/label>\n<\/p>\n<p><label> Telefon<br \/>\n<span class=\"wpcf7-form-control-wrap\" data-name=\"your-tel\"><input size=\"40\" maxlength=\"400\" class=\"wpcf7-form-control wpcf7-text\" aria-invalid=\"false\" value=\"\" type=\"text\" name=\"your-tel\" \/><\/span> <\/label>\n<\/p>\n<p><label> Fax<br \/>\n<span class=\"wpcf7-form-control-wrap\" data-name=\"your-fax\"><input size=\"40\" maxlength=\"400\" class=\"wpcf7-form-control wpcf7-text\" aria-invalid=\"false\" value=\"\" type=\"text\" name=\"your-fax\" \/><\/span> <\/label>\n<\/p>\n<p><label> E-Mail-Adresse<br \/>\n<span class=\"wpcf7-form-control-wrap\" data-name=\"your-email\"><input size=\"40\" maxlength=\"400\" class=\"wpcf7-form-control wpcf7-email wpcf7-validates-as-required wpcf7-text wpcf7-validates-as-email\" aria-required=\"true\" aria-invalid=\"false\" value=\"\" type=\"email\" name=\"your-email\" \/><\/span> <\/label>\n<\/p>\n<p><span id=\"wpcf7-69dbe806e2475-wrapper\" class=\"wpcf7-form-control-wrap adresse-wrap\" style=\"display:none !important; visibility:hidden !important;\"><label for=\"wpcf7-69dbe806e2475-field\" class=\"hp-message\">Bitte lasse dieses Feld leer.<\/label><input id=\"wpcf7-69dbe806e2475-field\"  class=\"wpcf7-form-control wpcf7-text\" type=\"text\" name=\"adresse\" value=\"\" size=\"40\" tabindex=\"-1\" autocomplete=\"new-password\" \/><\/span>\n<\/p>\n<hr \/>\n<h3>2. Ihre Marke\n<\/h3>\n<p><label> Markenname<br \/>\n<span class=\"wpcf7-form-control-wrap\" data-name=\"your-subject\"><input size=\"40\" maxlength=\"400\" class=\"wpcf7-form-control wpcf7-text\" aria-invalid=\"false\" value=\"\" type=\"text\" name=\"your-subject\" \/><\/span> <\/label>\n<\/p>\n<p><label> Markentext oder Beschreibung<br \/>\n<span class=\"wpcf7-form-control-wrap\" data-name=\"markentext\"><textarea cols=\"40\" rows=\"10\" maxlength=\"2000\" class=\"wpcf7-form-control wpcf7-textarea\" aria-invalid=\"false\" name=\"markentext\">Bitte schildern Sie uns m\u00f6glichst genau, worum es Ihnen geht.<\/textarea><\/span> <\/label>\n<\/p>\n<p><label> Waren und Dienstleistung<br \/>\n<span class=\"wpcf7-form-control-wrap\" data-name=\"waren-dienstleistung\"><textarea cols=\"40\" rows=\"10\" maxlength=\"2000\" class=\"wpcf7-form-control wpcf7-textarea\" aria-invalid=\"false\" name=\"waren-dienstleistung\">Beschreiben Sie m\u00f6glichst ausf\u00fchrlich, f\u00fcr welche Leistungen Sie die Marke einsetzen wollen und nennen Sie eine geplante oder m\u00f6gliche Verwendung der Marke z.B.: Werbeagentur, Maurer oder Schuhmacher<\/textarea><\/span> <\/label>\n<\/p>\n<p>Enth\u00e4lt Ihre Marke eine Grafik?\n<\/p>\n<p><span class=\"wpcf7-form-control-wrap\" data-name=\"form\"><span class=\"wpcf7-form-control wpcf7-checkbox\"><span class=\"wpcf7-list-item first\"><label><input type=\"checkbox\" name=\"form[]\" value=\"Wortmarke (ohne Grafik)\" \/><span class=\"wpcf7-list-item-label\">Wortmarke (ohne Grafik)<\/span><\/label><\/span><span class=\"wpcf7-list-item\"><label><input type=\"checkbox\" name=\"form[]\" value=\"Bildmarke (mit Grafik)\" \/><span class=\"wpcf7-list-item-label\">Bildmarke (mit Grafik)<\/span><\/label><\/span><span class=\"wpcf7-list-item\"><label><input type=\"checkbox\" name=\"form[]\" value=\"Wort-Bildmarke\" \/><span class=\"wpcf7-list-item-label\">Wort-Bildmarke<\/span><\/label><\/span><span class=\"wpcf7-list-item\"><label><input type=\"checkbox\" name=\"form[]\" value=\"3D-Marke\" \/><span class=\"wpcf7-list-item-label\">3D-Marke<\/span><\/label><\/span><span class=\"wpcf7-list-item last\"><label><input type=\"checkbox\" name=\"form[]\" value=\"Sonstige Marke\" \/><span class=\"wpcf7-list-item-label\">Sonstige Marke<\/span><\/label><\/span><\/span><\/span>\n<\/p>\n<p><label> Unterlagen <\/label><br \/>\nSollte Ihr Auftrag eine Grafik (Bildmarke\/Logo) oder sonstige Dokumente beinhalten, so laden Sie dies bitte hier hoch: <span class=\"wpcf7-form-control-wrap\" data-name=\"unterlagen\"><input size=\"40\" class=\"wpcf7-form-control wpcf7-file\" accept=\"audio\/*,video\/*,image\/*\" aria-invalid=\"false\" type=\"file\" name=\"unterlagen\" \/><\/span>\n<\/p>\n<hr \/>\n<h3>3. Ihr Auftrag\n<\/h3>\n<p>Was k\u00f6nnen wir f\u00fcr Sie tun?<br \/>\n<span class=\"wpcf7-form-control-wrap\" data-name=\"bestellung\"><span class=\"wpcf7-form-control wpcf7-checkbox\"><span class=\"wpcf7-list-item first\"><label><input type=\"checkbox\" name=\"bestellung[]\" value=\"Basisflat (3 Recherchen pro Monat***) 219 EUR*\/Monat\" \/><span class=\"wpcf7-list-item-label\">Basisflat (3 Recherchen pro Monat***) 219 EUR*\/Monat<\/span><\/label><\/span><span class=\"wpcf7-list-item\"><label><input type=\"checkbox\" name=\"bestellung[]\" value=\"Standardflat (5 Recherchen pro Monat***) 349 EUR*\/Monat\" \/><span class=\"wpcf7-list-item-label\">Standardflat (5 Recherchen pro Monat***) 349 EUR*\/Monat<\/span><\/label><\/span><span class=\"wpcf7-list-item\"><label><input type=\"checkbox\" name=\"bestellung[]\" value=\"Premiumflat (Recherchen ohne Limit) 599,- EUR*\/Monat\" checked=\"checked\" \/><span class=\"wpcf7-list-item-label\">Premiumflat (Recherchen ohne Limit) 599,- EUR*\/Monat<\/span><\/label><\/span><span class=\"wpcf7-list-item\"><label><input type=\"checkbox\" name=\"bestellung[]\" value=\"Basischeck (Marken\u00fcberwachung durch Identit\u00e4tsrecherche) 8,99 EUR*\/Monat\" \/><span class=\"wpcf7-list-item-label\">Basischeck (Marken\u00fcberwachung durch Identit\u00e4tsrecherche) 8,99 EUR*\/Monat<\/span><\/label><\/span><span class=\"wpcf7-list-item\"><label><input type=\"checkbox\" name=\"bestellung[]\" value=\"Standardcheck (Marken\u00fcberwachung durch \u00c4hnlichkeitsrecherche) 25 EUR*\/Monat\" \/><span class=\"wpcf7-list-item-label\">Standardcheck (Marken\u00fcberwachung durch \u00c4hnlichkeitsrecherche) 25 EUR*\/Monat<\/span><\/label><\/span><span class=\"wpcf7-list-item last\"><label><input type=\"checkbox\" name=\"bestellung[]\" value=\"Premiumcheck (Marken\u00fcberwachung durch \u00c4hnlichkeitsrecherche + Internetinhalte, Domain- und Firmennamen) 50 EUR*\/Monat\" \/><span class=\"wpcf7-list-item-label\">Premiumcheck (Marken\u00fcberwachung durch \u00c4hnlichkeitsrecherche + Internetinhalte, Domain- und Firmennamen) 50 EUR*\/Monat<\/span><\/label><\/span><\/span><\/span>\n<\/p>\n<p style=\"font-size: 9pt;\">*** jede weitere Recherche 79 EUR*\n<\/p>\n<p>*Alle Preisangaben netto in EUR zzgl. gesetzlicher Mehrwertsteuer und f\u00fcr den Fall der Markenanmeldung zzgl. amtlichen Geb\u00fchren. Das freibleibende Angebot gilt f\u00fcr Unternehmer\/ Unternehmen sowie \u00f6ffentlich-rechtliche Einrichtungen. Es gelten unsere AGB.\n<\/p>\n<p>W\u00fcnschen Sie eine Standard\u00fcberwachung?<br \/>\n<span class=\"wpcf7-form-control-wrap\" data-name=\"ueberwachung\"><span class=\"wpcf7-form-control wpcf7-checkbox\"><span class=\"wpcf7-list-item first\"><label><input type=\"checkbox\" name=\"ueberwachung[]\" value=\"Standard\u00fcberwachung ab Markenanmeldung 90 EUR* je Quartal, jederzeit k\u00fcndbar\" \/><span class=\"wpcf7-list-item-label\">Standard\u00fcberwachung ab Markenanmeldung 90 EUR* je Quartal, jederzeit k\u00fcndbar<\/span><\/label><\/span><span class=\"wpcf7-list-item last\"><label><input type=\"checkbox\" name=\"ueberwachung[]\" value=\"Nur Markenberatung\" \/><span class=\"wpcf7-list-item-label\">Nur Markenberatung<\/span><\/label><\/span><\/span><\/span>\n<\/p>\n<p>Amtsgeb\u00fchren ___ je nach Umfang\n<\/p>\n<hr \/>\n<h3>4. Bestellung aufgeben\n<\/h3>\n<p>Bitte \u00fcberpr\u00fcfen Sie Ihre Angaben!\n<\/p>\n<p><span id=\"wpcf7-69dbe806e286b-wrapper\" class=\"wpcf7-form-control-wrap wohnsitz-wrap\" style=\"display:none !important; visibility:hidden !important;\"><label for=\"wpcf7-69dbe806e286b-field\" class=\"hp-message\">Bitte lasse dieses Feld leer.<\/label><input id=\"wpcf7-69dbe806e286b-field\"  class=\"wpcf7-form-control wpcf7-text\" type=\"text\" name=\"wohnsitz\" value=\"\" size=\"40\" tabindex=\"-1\" autocomplete=\"new-password\" \/><\/span><br \/>\n<span class=\"wpcf7-form-control-wrap kc_captcha cf7ic-toggle\" data-name=\"kc_captcha\"><span class=\"wpcf7-form-control wpcf7-radio\"><span class=\"captcha-image\" style=\"display: none;\"><span class=\"cf7ic_instructions\">Bitte beweise, dass du kein Spambot bist und w\u00e4hle das Symbol<span> Tasse<\/span>.<\/span><label><input aria-label=\"1\" type=\"radio\" name=\"kc_captcha\" value=\"bot\" \/><svg aria-hidden=\"true\" role=\"img\" xmlns=\"http:\/\/www.w3.org\/2000\/svg\" viewBox=\"0 0 576 512\"><path fill=\"currentColor\" d=\"M259 18l-65 132-146 22c-26 3-37 36-18 54l106 103-25 146c-5 26 23 46 46 33l131-68 131 68c23 13 51-7 46-33l-25-146 106-103c19-18 8-51-18-54l-146-22-65-132a32 32 0 00-58 0z\"\/><\/svg><\/label><label><input aria-label=\"2\" type=\"radio\" name=\"kc_captcha\" value=\"kc_human\" \/><svg aria-hidden=\"true\" role=\"img\" xmlns=\"http:\/\/www.w3.org\/2000\/svg\" viewBox=\"0 0 640 512\"><path fill=\"currentColor\" d=\"M192 384h192c53 0 96-43 96-96h32a128 128 0 000-256H120c-13 0-24 11-24 24v232c0 53 43 96 96 96zM512 96a64 64 0 010 128h-32V96h32zm48 384H48c-47 0-61-64-36-64h584c25 0 11 64-36 64z\"\/><\/svg><\/label><label><input aria-label=\"3\" type=\"radio\" name=\"kc_captcha\" value=\"bot\" \/><svg aria-hidden=\"true\" role=\"img\" xmlns=\"http:\/\/www.w3.org\/2000\/svg\" viewBox=\"0 0 640 512\"><path fill=\"currentColor\" d=\"M624 352h-16V244c0-13-5-25-14-34L494 110c-9-9-21-14-34-14h-44V48c0-26-21-48-48-48H48C22 0 0 22 0 48v320c0 27 22 48 48 48h16a96 96 0 00192 0h128a96 96 0 00192 0h48c9 0 16-7 16-16v-32c0-9-7-16-16-16zM160 464a48 48 0 110-96 48 48 0 010 96zm320 0a48 48 0 110-96 48 48 0 010 96zm80-208H416V144h44l100 100v12z\"\/><\/svg><\/label>\r\n    <\/span>\r\n    <span style=\"display:none\">\r\n        <input type=\"text\" name=\"kc_honeypot\">\r\n    <\/span><\/span><\/span>\n<\/p>\n<div style=\"text-align: right;\">\n\t<p><input class=\"wpcf7-form-control wpcf7-submit has-spinner\" type=\"submit\" value=\"Senden\" \/>\n\t<\/p>\n<\/div><p style=\"display: none !important;\" class=\"akismet-fields-container\" data-prefix=\"_wpcf7_ak_\"><label>&#916;<textarea name=\"_wpcf7_ak_hp_textarea\" cols=\"45\" rows=\"8\" maxlength=\"100\"><\/textarea><\/label><input type=\"hidden\" id=\"ak_js_1\" name=\"_wpcf7_ak_js\" value=\"33\"\/><script>document.getElementById( \"ak_js_1\" ).setAttribute( \"value\", ( new Date() ).getTime() );<\/script><\/p><div class=\"wpcf7-response-output\" aria-hidden=\"true\"><\/div>\n<\/form>\n<\/div>\n<\/div>\n","protected":false},"excerpt":{"rendered":"","protected":false},"author":1,"featured_media":0,"parent":0,"menu_order":0,"comment_status":"closed","ping_status":"closed","template":"","meta":{"site-sidebar-layout":"default","site-content-layout":"default","ast-global-header-display":"disabled","ast-main-header-display":"","ast-hfb-above-header-display":"","ast-hfb-below-header-display":"","ast-hfb-mobile-header-display":"","site-post-title":"","ast-breadcrumbs-content":"","ast-featured-img":"","footer-sml-layout":"disabled","theme-transparent-header-meta":"","adv-header-id-meta":"","stick-header-meta":"","header-above-stick-meta":"","header-main-stick-meta":"","header-below-stick-meta":"","footnotes":""},"class_list":["post-2491","page","type-page","status-publish","hentry"],"_links":{"self":[{"href":"http:\/\/markenflat.de\/wordpress\/wp-json\/wp\/v2\/pages\/2491","targetHints":{"allow":["GET"]}}],"collection":[{"href":"http:\/\/markenflat.de\/wordpress\/wp-json\/wp\/v2\/pages"}],"about":[{"href":"http:\/\/markenflat.de\/wordpress\/wp-json\/wp\/v2\/types\/page"}],"author":[{"embeddable":true,"href":"http:\/\/markenflat.de\/wordpress\/wp-json\/wp\/v2\/users\/1"}],"replies":[{"embeddable":true,"href":"http:\/\/markenflat.de\/wordpress\/wp-json\/wp\/v2\/comments?post=2491"}],"version-history":[{"count":0,"href":"http:\/\/markenflat.de\/wordpress\/wp-json\/wp\/v2\/pages\/2491\/revisions"}],"wp:attachment":[{"href":"http:\/\/markenflat.de\/wordpress\/wp-json\/wp\/v2\/media?parent=2491"}],"curies":[{"name":"wp","href":"https:\/\/api.w.org\/{rel}","templated":true}]}}